{"id":1910,"date":"2025-05-01T18:30:21","date_gmt":"2025-05-01T21:30:21","guid":{"rendered":"https:\/\/foto.art.br\/site\/?page_id=1910"},"modified":"2025-05-02T07:02:16","modified_gmt":"2025-05-02T10:02:16","slug":"negativo-digital","status":"publish","type":"page","link":"https:\/\/foto.art.br\/site\/negativo-digital\/","title":{"rendered":"negativo digital"},"content":{"rendered":"\n<figure class=\"wp-block-image size-large\"><img loading=\"lazy\" decoding=\"async\" width=\"1024\" height=\"577\" src=\"https:\/\/foto.art.br\/site\/wp-content\/uploads\/2025\/05\/posneg-1024x577.jpg\" alt=\"\" class=\"wp-image-1923\" srcset=\"https:\/\/foto.art.br\/site\/wp-content\/uploads\/2025\/05\/posneg-1024x577.jpg 1024w, https:\/\/foto.art.br\/site\/wp-content\/uploads\/2025\/05\/posneg-300x169.jpg 300w, https:\/\/foto.art.br\/site\/wp-content\/uploads\/2025\/05\/posneg-768x432.jpg 768w, https:\/\/foto.art.br\/site\/wp-content\/uploads\/2025\/05\/posneg-1536x865.jpg 1536w, https:\/\/foto.art.br\/site\/wp-content\/uploads\/2025\/05\/posneg-2048x1153.jpg 2048w\" sizes=\"auto, (max-width: 1024px) 100vw, 1024px\" \/><figcaption class=\"wp-element-caption\">negativos e posiivos revers\u00edveis em filme de raio x<\/figcaption><\/figure>\n\n\n\n<p>Para trabalhar com processos de impress\u00e3o hist\u00f3rico\/ experimentais n\u00e3o \u00e9 necess\u00e1rio ficar preso a um processo inteiramente qu\u00edmico, facilita e proporciona um melhor controle do contraste o uso de negativos digitais.<\/p>\n\n\n\n<p>Para isto se usa transpar\u00eancia de retroprojetor (em ingl\u00eas OHP &#8211; OverHead Projector) que est\u00e3o desaparecendo do mercado; <\/p>\n\n\n\n<p>ainda s\u00e3o usadas para confec\u00e7\u00e3o de fotolitos para serigrafia, carimbos e circuitos impressos.<\/p>\n\n\n\n<p>Um negativo fotogr\u00e1fico tradicional tem <strong>tons cont\u00ednuos<\/strong> de cinza diferente de um fotolito para estes usos que tem alto contraste, apenas preto e branco, e os cinzas v\u00e3o ser simulados atrav\u00e9s de ret\u00edculas (screen &#8211; aqui denominando ret\u00edcula de impress\u00e3o,&nbsp; e na serigrafia o screen \u00e9 a tela de seda, nylon).<\/p>\n\n\n\n<p>Para isto os negativos (ou positivos a depender do processo) s\u00e3o diferentes contrastados ou com meios tons ou tons de cinza. <\/p>\n\n\n\n<p>Em um arquivo digital a diferen\u00e7a seria preto e\u00a0 branco,\u00a0\u00a0 2 tons, ou 256 tons de cinza, embora este formato de arquivo n\u00e3o seja usado na impress\u00e3o, pois usaria apenas a tinta preta, e para obten\u00e7\u00e3o de pretos densos usamos a mistura de todas as cores dispon\u00edveis na impressora,\u00a0 3, 4, 6, 12 se tiver, imprimindo um arquivo colorido RGB dessaturado com todos os canais de cor .\u00a0 Na verdade as impressoras modernas costumam efetuar este procedimento de forma autom\u00e1tica.<\/p>\n\n\n\n<p>Mas de toda forma \u00e9 importante partir de um bom arquivo de imagem com o contraste e distribui\u00e7\u00e3o de tons ajustados. Existem na Internet alguns perfis de curvas para imprimir determinados processos,&nbsp; podem servir como uma sugest\u00e3o,&nbsp; mas o bom resultado vai depender do seu processo:<\/p>\n\n\n\n<ul class=\"wp-block-list\">\n<li>o assunto e linguagem pl\u00e1stica desejada <\/li>\n\n\n\n<li>a impressora <\/li>\n\n\n\n<li>a tinta da impressora <\/li>\n\n\n\n<li>a transpar\u00eancia <\/li>\n\n\n\n<li>a t\u00e9cnica de impress\u00e3o <\/li>\n\n\n\n<li>o papel usado para imprimir a t\u00e9cnica <\/li>\n<\/ul>\n\n\n\n<p>Enfim, s\u00f3 o teste, a an\u00e1lise,&nbsp; a corre\u00e7\u00e3o, o novo teste, feitos de forma controlada, sistem\u00e1tica, v\u00e3o proporcionar uma boa qualidade. <\/p>\n\n\n\n<p>Se quiser facilitar as coisas, n\u00e3o escolha este caminho, v\u00e1 direto para a impress\u00e3o digital !<\/p>\n\n\n\n<p>As impressoras podem ser laser ou jato de tinta.<\/p>\n\n\n\n<p>As laser se prestam mais para alto contraste, para simular tons de cinza aplicam uma ret\u00edcula pr\u00f3pria sem uma estrutura linear, algo como um filme fotogr\u00e1fico granulado, que pode resultar em uma imagem gr\u00e1fica de linguagem interessante em uma fotomontagem,&nbsp; algo semelhante \u00e0s imagens serigr\u00e1ficas de Warhol. <\/p>\n\n\n\n<p>J\u00e1 a impress\u00e3o jato de tinta proporciona numerosos tons de cinza que permitem a impress\u00e3o de gradua\u00e7\u00e3o tonal suave em paisagens e tons de pele, podendo ainda alcan\u00e7ar bons contrastes se a impressora usar muitas tintas e a transpar\u00eancia de qualidade. <\/p>\n\n\n\n<p>Uma alternativa econ\u00f4mica \u00e9 o uso de uma impressora A4 do tipo <em>bulk inkjet<\/em> , de reservat\u00f3rios grandes, com 4 tintas. Proporcionam bons tons de cinza com uma boa transpar\u00eancia, e um contraste razo\u00e1vel.<\/p>\n\n\n\n<p>Nas impress\u00f5es jato de tinta temos duas vari\u00e1veis,&nbsp; o n\u00famero de tintas, que pode variar de 3 a 12, e o tipo de tinta, corante, pigmento, as que nos interessam.&nbsp; (tem ainda sublima\u00e7\u00e3o,&nbsp; comest\u00edvel,&nbsp; e nos plotter, vinilica,&nbsp; UV, cer\u00e2mica, para tecidos, etc).<\/p>\n\n\n\n<p>O n\u00famero de cartuchos&nbsp; costuma estar associado ao tipo de tinta, nas impressoras de 3 a 6 podem ser tinta \u00e0 base de corante, e as de 6 ou mais, pigmento, \u00e0s vezes em associa\u00e7\u00e3o a corante e verniz.<\/p>\n\n\n\n<div class=\"wp-block-group is-layout-constrained wp-block-group-is-layout-constrained\">\n<div class=\"wp-block-columns is-layout-flex wp-container-core-columns-is-layout-28f84493 wp-block-columns-is-layout-flex\">\n<div class=\"wp-block-column is-layout-flow wp-block-column-is-layout-flow\" style=\"flex-basis:100%\">\n<p>A tinta \u00e0 base de corante \u00e9&nbsp; a tinta na forma l\u00edquida, a mais comum \u00e9 barata, resulta num menor contraste, e tem durabilidade da impress\u00e3o menor pois \u00e9 pouca resistente \u00e0 luz, e numa longa exposi\u00e7\u00e3o ao sol j\u00e1 come\u00e7a a descolorir a tinta.<\/p>\n\n\n\n<p>J\u00e1 a impress\u00e3o com tintas pigmento, a cor \u00e9 dada por microparticulas coloridas minerais ou sint\u00e1ticas que proporciona um maior contraste e uma impress\u00e3o com perman\u00eancia maior, as tais das fine art print.<\/p>\n\n\n\n<p>Estas s\u00e3o as mais indicadas para impress\u00e3o de qualidade.<\/p>\n\n\n\n<p>Temos ainda uma adapta\u00e7\u00e3o feita em impressoras para trabalhar com 4 tintas entre pretas e cinzas, denominada <em>quadrablack<\/em> .<\/p>\n\n\n\n<p>Quanto \u00e0s transpar\u00eancias temos espec\u00edficas para laser ou jato de tinta,&nbsp; que s\u00e3o diferentes e n\u00e3o podem ser confundidas !<\/p>\n\n\n\n<p>As para impressora laser n\u00e3o tem nenhum revestimento, o toner se deposita por eletrost\u00e1tica em sua superf\u00edcie e ao passar pelo fusor, a alta temperatura derrete a tinta que adere na transpar\u00eancia. Se usamos uma transpar\u00eancia de jato de tinta nela o estrago \u00e9 grande, pode derreter o revestimento ou a pr\u00f3pria que pode estragar o cilindro de impress\u00e3o,&nbsp; de alto custo.<\/p>\n\n\n\n<p>J\u00e1 a transpar\u00eancia para jato de tinta trabalha com tintas corante ou pigmento tendo \u00e1gua como solvente, que para aderir na superf\u00edcie dependem de um revestimento higr\u00f3filo para absorver a tinta, ou seja elas tem um lado certo para imprimir,&nbsp; se erramos o lado ou usamos uma transpar\u00eancia sem revestimento a tinta n\u00e3o seca nem adere, lambuzando toda a impressora de tinta&#8230;.<\/p>\n\n\n\n<p>Para ambas ainda temos as transpar\u00eancias cristal ou totalmente transparentes, e as foscas, e no caso das jato de tinta, ainda temos as leitosas azuladas, as milky inkjet, as melhores.<\/p>\n\n\n\n<p>E temos tamb\u00e9m a proced\u00eancia das tintas a considerar, \u00e9 \u00f3bvio que as tintas originais de f\u00e1brica tendem a proporcionar um resultado melhor; custam mais caro.<\/p>\n\n\n\n<p>O melhor resultado se obt\u00e9m com estas transpar\u00eancias e a impress\u00e3o pigmentada.<\/p>\n<\/div>\n<\/div>\n<\/div>\n\n\n\n<figure class=\"wp-block-image size-full\"><img loading=\"lazy\" decoding=\"async\" width=\"721\" height=\"498\" src=\"https:\/\/foto.art.br\/site\/wp-content\/uploads\/2025\/05\/picto.png\" alt=\"\" class=\"wp-image-1924\" srcset=\"https:\/\/foto.art.br\/site\/wp-content\/uploads\/2025\/05\/picto.png 721w, https:\/\/foto.art.br\/site\/wp-content\/uploads\/2025\/05\/picto-300x207.png 300w\" sizes=\"auto, (max-width: 721px) 100vw, 721px\" \/><figcaption class=\"wp-element-caption\">Pict\u00f3rico da Mitsubishi. a transpar\u00eancia OHP internacionalmente recomendada para impress\u00e3o de qualidade<\/figcaption><\/figure>\n\n\n\n<figure class=\"wp-block-image size-full\"><img loading=\"lazy\" decoding=\"async\" width=\"713\" height=\"780\" src=\"https:\/\/foto.art.br\/site\/wp-content\/uploads\/2025\/05\/ROMAF-1.png\" alt=\"\" class=\"wp-image-1922\" srcset=\"https:\/\/foto.art.br\/site\/wp-content\/uploads\/2025\/05\/ROMAF-1.png 713w, https:\/\/foto.art.br\/site\/wp-content\/uploads\/2025\/05\/ROMAF-1-274x300.png 274w\" sizes=\"auto, (max-width: 713px) 100vw, 713px\" \/><figcaption class=\"wp-element-caption\">transpar\u00eancia leitosa azulada jato de tinta<\/figcaption><\/figure>\n\n\n\n<p>A alternativa nacional \u00e9 a transpar\u00eancia leitosa da ROMAF, encontrada na loja da f\u00e1brica ou no ML, nos formatos A4, A3 e em rolo.<\/p>\n\n\n\n<p><a href=\"https:\/\/loja.romaf.com.br\/produto\/milky-film-inkjet-a4\/\" target=\"_blank\" rel=\"noreferrer noopener\">https:\/\/loja.romaf.com.br\/produto\/milky-film-inkjet-a4\/<\/a><\/p>\n","protected":false},"excerpt":{"rendered":"<p>Para trabalhar com processos de impress\u00e3o hist\u00f3rico\/ experimentais n\u00e3o \u00e9 necess\u00e1rio ficar preso a um processo inteiramente qu\u00edmico, facilita e proporciona um melhor controle do contraste o uso de negativos digitais. Para isto se usa transpar\u00eancia de retroprojetor (em ingl\u00eas OHP &#8211; OverHead Projector) que est\u00e3o desaparecendo do mercado; ainda s\u00e3o usadas para confec\u00e7\u00e3o de [&hellip;]<\/p>\n","protected":false},"author":1,"featured_media":0,"parent":0,"menu_order":0,"comment_status":"closed","ping_status":"closed","template":"","meta":{"footnotes":""},"class_list":["post-1910","page","type-page","status-publish","hentry"],"blocksy_meta":[],"_links":{"self":[{"href":"https:\/\/foto.art.br\/site\/wp-json\/wp\/v2\/pages\/1910","targetHints":{"allow":["GET"]}}],"collection":[{"href":"https:\/\/foto.art.br\/site\/wp-json\/wp\/v2\/pages"}],"about":[{"href":"https:\/\/foto.art.br\/site\/wp-json\/wp\/v2\/types\/page"}],"author":[{"embeddable":true,"href":"https:\/\/foto.art.br\/site\/wp-json\/wp\/v2\/users\/1"}],"replies":[{"embeddable":true,"href":"https:\/\/foto.art.br\/site\/wp-json\/wp\/v2\/comments?post=1910"}],"version-history":[{"count":0,"href":"https:\/\/foto.art.br\/site\/wp-json\/wp\/v2\/pages\/1910\/revisions"}],"wp:attachment":[{"href":"https:\/\/foto.art.br\/site\/wp-json\/wp\/v2\/media?parent=1910"}],"curies":[{"name":"wp","href":"https:\/\/api.w.org\/{rel}","templated":true}]}}