{"id":2,"date":"2022-11-07T17:36:25","date_gmt":"2022-11-07T20:36:25","guid":{"rendered":"https:\/\/foto.art.br\/site\/?page_id=2"},"modified":"2026-02-11T07:25:08","modified_gmt":"2026-02-11T10:25:08","slug":"sobre","status":"publish","type":"page","link":"https:\/\/foto.art.br\/site\/sobre\/","title":{"rendered":"sobre"},"content":{"rendered":"\n<p>informativo dedicado a fotografia, arte, fotografia experimental<\/p>\n\n\n\n<p>o in\u00edcio em 1997 na aurora digital o objetivo era anunciar, explicar e defender a nova tecnologia que chegava, contrapondo-se a alguns conservadores fatalistas que diziam que o filme nunca seria superado (alguns poucos destes sobrevivem)<\/p>\n\n\n\n<p>defendia-se a fotografia mais limpa, menos fedorenta, que sujava menos nossos rios e mares com res\u00edduos, e com muitas possibilidades de edi\u00e7\u00e3o<\/p>\n\n\n\n<p>em 2002 com o lan\u00e7amento da Nikon D100 e a Canon D60, ambas com 6 MP  anunciamos o fim da fotografia de filme de grande formato, o digital estava apto para substituir todos os usos do filme, inclusive na propaganda; muitos desdenharam, inclusive parte do mercado publicit\u00e1rio, que continuava a empurrar os cromos 4&#215;5&#8243; por conveni\u00eanica, para cobrar mais e ganhar mais comiss\u00f5es, por ignor\u00e2ncia t\u00e9cnica; acontece que os sistemas de sele\u00e7\u00e3o de cores e fotolitos tamb\u00e9m tinham evolu\u00eddo adotando o digital.<\/p>\n\n\n\n<p>o site teve mais de um per\u00edodo de dorm\u00eancia, voltou com mais foco em arte, e nos \u00faltimos 10 ou doze anos come\u00e7ou a dedicar-se mais \u00e0 fotografia alternativa, processos hist\u00f3rico\/ alternativos, experimental, fotografia qu\u00edmica.<\/p>\n\n\n\n<p>em nova fase continua tratando de experimental, mas tamb\u00e9m de assuntos e refer\u00eancias de fotografia em geral<\/p>\n\n\n\n<p><strong><em>FOTOGRAFIA ANAL\u00d3GICA<\/em><\/strong> foi um termo inapropriado adotado por muitos, inclusive no idioma ingles, de forma t\u00e9cnicamente equivocada e etimol\u00f3gicamente imprecisa<\/p>\n\n\n\n<p>o que existe \u00e9 eletr\u00f4nica anal\u00f3gica (valores el\u00e9tricos cont\u00ednuos) e eletr\u00f4nica digital (que representa e opera valores no formato bin\u00e1rio, n\u00famerico, digital)<\/p>\n\n\n\n<figure class=\"wp-block-image aligncenter size-full\"><img loading=\"lazy\" decoding=\"async\" width=\"398\" height=\"561\" src=\"https:\/\/foto.art.br\/site\/wp-content\/uploads\/2022\/12\/Edouard_Belin.jpg\" alt=\"\" class=\"wp-image-34\" srcset=\"https:\/\/foto.art.br\/site\/wp-content\/uploads\/2022\/12\/Edouard_Belin.jpg 398w, https:\/\/foto.art.br\/site\/wp-content\/uploads\/2022\/12\/Edouard_Belin-213x300.jpg 213w\" sizes=\"auto, (max-width: 398px) 100vw, 398px\" \/><figcaption class=\"wp-element-caption\">\u00c9douard Belin, belinograph, belin\u00f3grafo, d\u00e9cada de 1920 <br>&#8211; fotografia transmitida \u00e0 dist\u00e2nica por sinal de eletrico anal\u00f5gico<\/figcaption><\/figure>\n\n\n\n<figure class=\"wp-block-image size-large\"><img loading=\"lazy\" decoding=\"async\" width=\"1024\" height=\"768\" src=\"https:\/\/foto.art.br\/site\/wp-content\/uploads\/2022\/12\/upi-1024x768.jpg\" alt=\"\" class=\"wp-image-33\" srcset=\"https:\/\/foto.art.br\/site\/wp-content\/uploads\/2022\/12\/upi-1024x768.jpg 1024w, https:\/\/foto.art.br\/site\/wp-content\/uploads\/2022\/12\/upi-300x225.jpg 300w, https:\/\/foto.art.br\/site\/wp-content\/uploads\/2022\/12\/upi-768x576.jpg 768w, https:\/\/foto.art.br\/site\/wp-content\/uploads\/2022\/12\/upi-1536x1152.jpg 1536w, https:\/\/foto.art.br\/site\/wp-content\/uploads\/2022\/12\/upi-2048x1536.jpg 2048w\" sizes=\"auto, (max-width: 1024px) 100vw, 1024px\" \/><figcaption class=\"wp-element-caption\">aparelho de telefoto &#8211; transmiss\u00e3o de fotografia por telefonia anal\u00f3gica<\/figcaption><\/figure>\n\n\n\n<p><\/p>\n\n\n\n<p>telefonia, televis\u00e3o com sinal anal\u00f3gico e depois digital<\/p>\n\n\n\n<p>sinal de \u00e1udio, video, anal\u00f3gico e depois digital<\/p>\n\n\n\n<h2 class=\"wp-block-heading\"><strong>C\u00c2MERAS FOTOGR\u00c1FICAS ANAL\u00d3GICAS<\/strong>:<\/h2>\n\n\n\n<p>Existiu fotografia eletr\u00f4nica anal\u00f3gica? sim existiu, por alguns per\u00edodos breves, com pouco alcance comercial, quase que s\u00f3 no Jap\u00e3o.<\/p>\n\n\n\n<p>Still Video Cameras &#8211; c\u00e2meras de v\u00eddeo parado, usavam os sensores das c\u00e2meras de v\u00eddeo anal\u00f3gico, com resolu\u00e7\u00e3o medida por linhas e varredura, como nas Tvs antigas (e n\u00e3o em pixels como informam err\u00f4neamente alguns sites), podendo a resolu\u00e7\u00e3o ser aumentada pela interpola\u00e7\u00e3o de linhas (com  valores m\u00e9dios das duas linhas adjacentes)<\/p>\n\n\n\n<figure class=\"wp-block-image size-full\"><img loading=\"lazy\" decoding=\"async\" width=\"960\" height=\"720\" src=\"https:\/\/foto.art.br\/site\/wp-content\/uploads\/2022\/12\/a1_162.jpg\" alt=\"\" class=\"wp-image-44\" srcset=\"https:\/\/foto.art.br\/site\/wp-content\/uploads\/2022\/12\/a1_162.jpg 960w, https:\/\/foto.art.br\/site\/wp-content\/uploads\/2022\/12\/a1_162-300x225.jpg 300w, https:\/\/foto.art.br\/site\/wp-content\/uploads\/2022\/12\/a1_162-768x576.jpg 768w\" sizes=\"auto, (max-width: 960px) 100vw, 960px\" \/><\/figure>\n\n\n\n<p><\/p>\n\n\n\n<figure class=\"wp-block-image size-full\"><img loading=\"lazy\" decoding=\"async\" width=\"960\" height=\"720\" src=\"https:\/\/foto.art.br\/site\/wp-content\/uploads\/2022\/12\/a1_163.jpg\" alt=\"\" class=\"wp-image-45\" srcset=\"https:\/\/foto.art.br\/site\/wp-content\/uploads\/2022\/12\/a1_163.jpg 960w, https:\/\/foto.art.br\/site\/wp-content\/uploads\/2022\/12\/a1_163-300x225.jpg 300w, https:\/\/foto.art.br\/site\/wp-content\/uploads\/2022\/12\/a1_163-768x576.jpg 768w\" sizes=\"auto, (max-width: 960px) 100vw, 960px\" \/><\/figure>\n\n\n\n<figure class=\"wp-block-image size-full\"><img loading=\"lazy\" decoding=\"async\" width=\"960\" height=\"720\" src=\"https:\/\/foto.art.br\/site\/wp-content\/uploads\/2022\/12\/a1_164.jpg\" alt=\"\" class=\"wp-image-46\" srcset=\"https:\/\/foto.art.br\/site\/wp-content\/uploads\/2022\/12\/a1_164.jpg 960w, https:\/\/foto.art.br\/site\/wp-content\/uploads\/2022\/12\/a1_164-300x225.jpg 300w, https:\/\/foto.art.br\/site\/wp-content\/uploads\/2022\/12\/a1_164-768x576.jpg 768w\" sizes=\"auto, (max-width: 960px) 100vw, 960px\" \/><\/figure>\n\n\n\n<h2 class=\"wp-block-heading\">Enfim:<\/h2>\n\n\n\n<h2 class=\"wp-block-heading\">C\u00e2meras de Filme<\/h2>\n\n\n\n<h2 class=\"wp-block-heading\">Fotografia Qu\u00edmica<\/h2>\n\n\n\n<p>seria a designa\u00e7\u00e3o correta para esta fotografia, que n\u00e3o merece um nome novo<\/p>\n","protected":false},"excerpt":{"rendered":"<p>informativo dedicado a fotografia, arte, fotografia experimental o in\u00edcio em 1997 na aurora digital o objetivo era anunciar, explicar e defender a nova tecnologia que chegava, contrapondo-se a alguns conservadores fatalistas que diziam que o filme nunca seria superado (alguns poucos destes sobrevivem) defendia-se a fotografia mais limpa, menos fedorenta, que sujava menos nossos rios [&hellip;]<\/p>\n","protected":false},"author":1,"featured_media":0,"parent":0,"menu_order":123,"comment_status":"closed","ping_status":"open","template":"","meta":{"footnotes":""},"class_list":["post-2","page","type-page","status-publish","hentry"],"blocksy_meta":[],"_links":{"self":[{"href":"https:\/\/foto.art.br\/site\/wp-json\/wp\/v2\/pages\/2","targetHints":{"allow":["GET"]}}],"collection":[{"href":"https:\/\/foto.art.br\/site\/wp-json\/wp\/v2\/pages"}],"about":[{"href":"https:\/\/foto.art.br\/site\/wp-json\/wp\/v2\/types\/page"}],"author":[{"embeddable":true,"href":"https:\/\/foto.art.br\/site\/wp-json\/wp\/v2\/users\/1"}],"replies":[{"embeddable":true,"href":"https:\/\/foto.art.br\/site\/wp-json\/wp\/v2\/comments?post=2"}],"version-history":[{"count":2,"href":"https:\/\/foto.art.br\/site\/wp-json\/wp\/v2\/pages\/2\/revisions"}],"predecessor-version":[{"id":2737,"href":"https:\/\/foto.art.br\/site\/wp-json\/wp\/v2\/pages\/2\/revisions\/2737"}],"wp:attachment":[{"href":"https:\/\/foto.art.br\/site\/wp-json\/wp\/v2\/media?parent=2"}],"curies":[{"name":"wp","href":"https:\/\/api.w.org\/{rel}","templated":true}]}}

<p>informativo dedicado a fotografia, arte, fotografia experimental</p>



<p>o início em 1997 na aurora digital o objetivo era anunciar, explicar e defender a nova tecnologia que chegava, contrapondo-se a alguns conservadores fatalistas que diziam que o filme nunca seria superado (alguns poucos destes sobrevivem)</p>



<p>defendia-se a fotografia mais limpa, menos fedorenta, que sujava menos nossos rios e mares com resíduos, e com muitas possibilidades de edição</p>



<p>em 2002 com o lançamento da Nikon D100 e a Canon D60, ambas com 6 MP  anunciamos o fim da fotografia de filme de grande formato, o digital estava apto para substituir todos os usos do filme, inclusive na propaganda; muitos desdenharam, inclusive parte do mercado publicitário, que continuava a empurrar os cromos 4&#215;5&#8243; por conveniênica, para cobrar mais e ganhar mais comissões, por ignorância técnica; acontece que os sistemas de seleção de cores e fotolitos também tinham evoluído adotando o digital.</p>



<p>o site teve mais de um período de dormência, voltou com mais foco em arte, e nos últimos 10 ou doze anos começou a dedicar-se mais à fotografia alternativa, processos histórico/ alternativos, experimental, fotografia química.</p>



<p>em nova fase continua tratando de experimental, mas também de assuntos e referências de fotografia em geral</p>



<p><strong><em>FOTOGRAFIA ANALÓGICA</em></strong> foi um termo inapropriado adotado por muitos, inclusive no idioma ingles, de forma técnicamente equivocada e etimológicamente imprecisa</p>



<p>o que existe é eletrônica analógica (valores elétricos contínuos) e eletrônica digital (que representa e opera valores no formato binário, númerico, digital)</p>



<figure class="wp-block-image aligncenter size-full"><img loading="lazy" decoding="async" width="398" height="561" src="https://foto.art.br/site/wp-content/uploads/2022/12/Edouard_Belin.jpg" alt="" class="wp-image-34" srcset="https://foto.art.br/site/wp-content/uploads/2022/12/Edouard_Belin.jpg 398w, https://foto.art.br/site/wp-content/uploads/2022/12/Edouard_Belin-213x300.jpg 213w" sizes="auto, (max-width: 398px) 100vw, 398px" /><figcaption class="wp-element-caption">Édouard Belin, belinograph, belinógrafo, década de 1920 <br>&#8211; fotografia transmitida à distânica por sinal de eletrico analõgico</figcaption></figure>



<figure class="wp-block-image size-large"><img loading="lazy" decoding="async" width="1024" height="768" src="https://foto.art.br/site/wp-content/uploads/2022/12/upi-1024x768.jpg" alt="" class="wp-image-33" srcset="https://foto.art.br/site/wp-content/uploads/2022/12/upi-1024x768.jpg 1024w, https://foto.art.br/site/wp-content/uploads/2022/12/upi-300x225.jpg 300w, https://foto.art.br/site/wp-content/uploads/2022/12/upi-768x576.jpg 768w, https://foto.art.br/site/wp-content/uploads/2022/12/upi-1536x1152.jpg 1536w, https://foto.art.br/site/wp-content/uploads/2022/12/upi-2048x1536.jpg 2048w" sizes="auto, (max-width: 1024px) 100vw, 1024px" /><figcaption class="wp-element-caption">aparelho de telefoto &#8211; transmissão de fotografia por telefonia analógica</figcaption></figure>



<p></p>



<p>telefonia, televisão com sinal analógico e depois digital</p>



<p>sinal de áudio, video, analógico e depois digital</p>



<h2 class="wp-block-heading"><strong>CÂMERAS FOTOGRÁFICAS ANALÓGICAS</strong>:</h2>



<p>Existiu fotografia eletrônica analógica? sim existiu, por alguns períodos breves, com pouco alcance comercial, quase que só no Japão.</p>



<p>Still Video Cameras &#8211; câmeras de vídeo parado, usavam os sensores das câmeras de vídeo analógico, com resolução medida por linhas e varredura, como nas Tvs antigas (e não em pixels como informam errôneamente alguns sites), podendo a resolução ser aumentada pela interpolação de linhas (com  valores médios das duas linhas adjacentes)</p>



<figure class="wp-block-image size-full"><img loading="lazy" decoding="async" width="960" height="720" src="https://foto.art.br/site/wp-content/uploads/2022/12/a1_162.jpg" alt="" class="wp-image-44" srcset="https://foto.art.br/site/wp-content/uploads/2022/12/a1_162.jpg 960w, https://foto.art.br/site/wp-content/uploads/2022/12/a1_162-300x225.jpg 300w, https://foto.art.br/site/wp-content/uploads/2022/12/a1_162-768x576.jpg 768w" sizes="auto, (max-width: 960px) 100vw, 960px" /></figure>



<p></p>



<figure class="wp-block-image size-full"><img loading="lazy" decoding="async" width="960" height="720" src="https://foto.art.br/site/wp-content/uploads/2022/12/a1_163.jpg" alt="" class="wp-image-45" srcset="https://foto.art.br/site/wp-content/uploads/2022/12/a1_163.jpg 960w, https://foto.art.br/site/wp-content/uploads/2022/12/a1_163-300x225.jpg 300w, https://foto.art.br/site/wp-content/uploads/2022/12/a1_163-768x576.jpg 768w" sizes="auto, (max-width: 960px) 100vw, 960px" /></figure>



<figure class="wp-block-image size-full"><img loading="lazy" decoding="async" width="960" height="720" src="https://foto.art.br/site/wp-content/uploads/2022/12/a1_164.jpg" alt="" class="wp-image-46" srcset="https://foto.art.br/site/wp-content/uploads/2022/12/a1_164.jpg 960w, https://foto.art.br/site/wp-content/uploads/2022/12/a1_164-300x225.jpg 300w, https://foto.art.br/site/wp-content/uploads/2022/12/a1_164-768x576.jpg 768w" sizes="auto, (max-width: 960px) 100vw, 960px" /></figure>



<h2 class="wp-block-heading">Enfim:</h2>



<h2 class="wp-block-heading">Câmeras de Filme</h2>



<h2 class="wp-block-heading">Fotografia Química</h2>



<p>seria a designação correta para esta fotografia, que não merece um nome novo</p>

<p>informativo dedicado a fotografia, arte, fotografia experimental o início em 1997 na aurora digital o objetivo era anunciar, explicar e defender a nova tecnologia que chegava, contrapondo-se a alguns conservadores fatalistas que diziam que o filme nunca seria superado (alguns poucos destes sobrevivem) defendia-se a fotografia mais limpa, menos fedorenta, que sujava menos nossos rios [&hellip;]</p>
