{"id":274,"date":"2023-10-19T06:38:55","date_gmt":"2023-10-19T09:38:55","guid":{"rendered":"https:\/\/foto.art.br\/site\/?page_id=274"},"modified":"2024-01-22T16:03:59","modified_gmt":"2024-01-22T19:03:59","slug":"lentes-de-lupas","status":"publish","type":"page","link":"https:\/\/foto.art.br\/site\/lentes-de-lupas\/","title":{"rendered":"lentes de Lupas"},"content":{"rendered":"\n<p>Podemos usar lupas de aumento como lentes em c\u00e2meras obscuras ou fotogr\u00e1ficas.<\/p>\n\n\n\n<p>Duas medidas importam na escolha, o di\u00e2metro e o n\u00famero de x aumentos, o que nem sempre \u00e9 indicado na embalagem.<\/p>\n\n\n\n<figure class=\"wp-block-image size-large\"><img loading=\"lazy\" decoding=\"async\" width=\"1024\" height=\"929\" src=\"https:\/\/foto.art.br\/site\/wp-content\/uploads\/2023\/10\/lupas-1-1024x929.jpg\" alt=\"\" class=\"wp-image-350\" srcset=\"https:\/\/foto.art.br\/site\/wp-content\/uploads\/2023\/10\/lupas-1-1024x929.jpg 1024w, https:\/\/foto.art.br\/site\/wp-content\/uploads\/2023\/10\/lupas-1-300x272.jpg 300w, https:\/\/foto.art.br\/site\/wp-content\/uploads\/2023\/10\/lupas-1-768x697.jpg 768w, https:\/\/foto.art.br\/site\/wp-content\/uploads\/2023\/10\/lupas-1.jpg 1200w\" sizes=\"auto, (max-width: 1024px) 100vw, 1024px\" \/><\/figure>\n\n\n\n<p>O di\u00e2metro vai implicar no tamanho da imagem formada e na luminosidade da abertura, n\u00famero f que \u00e9 uma rela\u00e7\u00e3o igual \u00e0 Distancia Focal dividida pelo di\u00e2metro da abertura.  Tamb\u00e9m tem implica\u00e7\u00f5es na montagem, que mostramos mais abaixo a op\u00e7\u00e3o de uso de conex\u00f5es hidr\u00e1ulicas em PVC.<\/p>\n\n\n\n<figure class=\"wp-block-image size-full\"><img loading=\"lazy\" decoding=\"async\" width=\"768\" height=\"329\" src=\"https:\/\/foto.art.br\/site\/wp-content\/uploads\/2023\/10\/Equacao-fstop-768x329-1.jpg\" alt=\"\" class=\"wp-image-276\" srcset=\"https:\/\/foto.art.br\/site\/wp-content\/uploads\/2023\/10\/Equacao-fstop-768x329-1.jpg 768w, https:\/\/foto.art.br\/site\/wp-content\/uploads\/2023\/10\/Equacao-fstop-768x329-1-300x129.jpg 300w\" sizes=\"auto, (max-width: 768px) 100vw, 768px\" \/><\/figure>\n\n\n\n<p>J\u00e1 a Dist\u00e2ncia focal pode ser medida com uma r\u00e9gua, ao sol, medindo a  distancia entre imagem focada do sol (infinito) e a lente.<\/p>\n\n\n\n<figure class=\"wp-block-image size-full\"><img loading=\"lazy\" decoding=\"async\" width=\"894\" height=\"1000\" src=\"https:\/\/foto.art.br\/site\/wp-content\/uploads\/2023\/10\/IMG_0018.jpg\" alt=\"\" class=\"wp-image-284\" srcset=\"https:\/\/foto.art.br\/site\/wp-content\/uploads\/2023\/10\/IMG_0018.jpg 894w, https:\/\/foto.art.br\/site\/wp-content\/uploads\/2023\/10\/IMG_0018-268x300.jpg 268w, https:\/\/foto.art.br\/site\/wp-content\/uploads\/2023\/10\/IMG_0018-768x859.jpg 768w\" sizes=\"auto, (max-width: 894px) 100vw, 894px\" \/><\/figure>\n\n\n\n<figure class=\"wp-block-image size-full\"><img loading=\"lazy\" decoding=\"async\" width=\"1000\" height=\"750\" src=\"https:\/\/foto.art.br\/site\/wp-content\/uploads\/2023\/10\/IMG_0019.jpg\" alt=\"\" class=\"wp-image-285\" srcset=\"https:\/\/foto.art.br\/site\/wp-content\/uploads\/2023\/10\/IMG_0019.jpg 1000w, https:\/\/foto.art.br\/site\/wp-content\/uploads\/2023\/10\/IMG_0019-300x225.jpg 300w, https:\/\/foto.art.br\/site\/wp-content\/uploads\/2023\/10\/IMG_0019-768x576.jpg 768w\" sizes=\"auto, (max-width: 1000px) 100vw, 1000px\" \/><\/figure>\n\n\n\n<p>J\u00e1 a partir da Dioptria, ou n\u00famero de aumentos de uma Lupa, lente de aproxima\u00e7\u00e3o, lente de \u00f3culos conseguimos determinar a Dist\u00e2ncia Focal atrav\u00e9s da f\u00f3rmula<\/p>\n\n\n\n<p><\/p>\n\n\n\n<figure class=\"wp-block-image size-full\"><img loading=\"lazy\" decoding=\"async\" width=\"642\" height=\"377\" src=\"https:\/\/foto.art.br\/site\/wp-content\/uploads\/2023\/10\/dioptria.png\" alt=\"\" class=\"wp-image-278\" srcset=\"https:\/\/foto.art.br\/site\/wp-content\/uploads\/2023\/10\/dioptria.png 642w, https:\/\/foto.art.br\/site\/wp-content\/uploads\/2023\/10\/dioptria-300x176.png 300w\" sizes=\"auto, (max-width: 642px) 100vw, 642px\" \/><\/figure>\n\n\n\n<figure class=\"wp-block-image size-full\"><img loading=\"lazy\" decoding=\"async\" width=\"368\" height=\"516\" src=\"https:\/\/foto.art.br\/site\/wp-content\/uploads\/2023\/10\/diop.jpg\" alt=\"\" class=\"wp-image-279\" srcset=\"https:\/\/foto.art.br\/site\/wp-content\/uploads\/2023\/10\/diop.jpg 368w, https:\/\/foto.art.br\/site\/wp-content\/uploads\/2023\/10\/diop-214x300.jpg 214w\" sizes=\"auto, (max-width: 368px) 100vw, 368px\" \/><\/figure>\n\n\n\n<figure class=\"wp-block-image size-full\"><img loading=\"lazy\" decoding=\"async\" width=\"785\" height=\"480\" src=\"https:\/\/foto.art.br\/site\/wp-content\/uploads\/2023\/10\/ml.png\" alt=\"\" class=\"wp-image-281\" srcset=\"https:\/\/foto.art.br\/site\/wp-content\/uploads\/2023\/10\/ml.png 785w, https:\/\/foto.art.br\/site\/wp-content\/uploads\/2023\/10\/ml-300x183.png 300w, https:\/\/foto.art.br\/site\/wp-content\/uploads\/2023\/10\/ml-768x470.png 768w\" sizes=\"auto, (max-width: 785px) 100vw, 785px\" \/><\/figure>\n\n\n\n<p><\/p>\n\n\n\n<figure class=\"wp-block-image size-large\"><img loading=\"lazy\" decoding=\"async\" width=\"1024\" height=\"768\" src=\"https:\/\/foto.art.br\/site\/wp-content\/uploads\/2023\/10\/dsc05682_26092197153_o-1024x768.jpg\" alt=\"\" class=\"wp-image-325\" srcset=\"https:\/\/foto.art.br\/site\/wp-content\/uploads\/2023\/10\/dsc05682_26092197153_o-1024x768.jpg 1024w, https:\/\/foto.art.br\/site\/wp-content\/uploads\/2023\/10\/dsc05682_26092197153_o-300x225.jpg 300w, https:\/\/foto.art.br\/site\/wp-content\/uploads\/2023\/10\/dsc05682_26092197153_o-768x576.jpg 768w, https:\/\/foto.art.br\/site\/wp-content\/uploads\/2023\/10\/dsc05682_26092197153_o.jpg 1500w\" sizes=\"auto, (max-width: 1024px) 100vw, 1024px\" \/><figcaption class=\"wp-element-caption\">luva de correr \/ cola 75mm<\/figcaption><\/figure>\n\n\n\n<figure class=\"wp-block-image size-large\"><img loading=\"lazy\" decoding=\"async\" width=\"1024\" height=\"768\" src=\"https:\/\/foto.art.br\/site\/wp-content\/uploads\/2023\/10\/dsc05683_26090561264_o-1024x768.jpg\" alt=\"\" class=\"wp-image-326\" srcset=\"https:\/\/foto.art.br\/site\/wp-content\/uploads\/2023\/10\/dsc05683_26090561264_o-1024x768.jpg 1024w, https:\/\/foto.art.br\/site\/wp-content\/uploads\/2023\/10\/dsc05683_26090561264_o-300x225.jpg 300w, https:\/\/foto.art.br\/site\/wp-content\/uploads\/2023\/10\/dsc05683_26090561264_o-768x576.jpg 768w, https:\/\/foto.art.br\/site\/wp-content\/uploads\/2023\/10\/dsc05683_26090561264_o.jpg 1500w\" sizes=\"auto, (max-width: 1024px) 100vw, 1024px\" \/><figcaption class=\"wp-element-caption\">a lente da Lupa Hikari 75mm encaixa justa, sem o anel met\u00e1lico, uma se\u00e7\u00e3o fininha de tubo 75mm funciona como retentor da lente, s\u00f3 no encaixe, bem justo<\/figcaption><\/figure>\n\n\n\n<p>Para montar as lentes de lupa podemos usar tubos e conex\u00f5es de PVC que costumam ter o di\u00e2metro igual<\/p>\n\n\n\n<p>Lupa 50mm tubo e conex\u00f5es de esgoto 50mm<\/p>\n\n\n\n<p>Lupa 60mm tubos e conex\u00f5es de \u00e1gua 60mm<\/p>\n\n\n\n<p>Lupa 75mm tubo e conex\u00f5es de esgoto 75mm<\/p>\n\n\n\n<p>Lupa 100mm tubo e conex\u00f5es de esgoto 100mm, porta grelha quadrado 100mm<\/p>\n\n\n\n<p>para outras montagens tubo e conex\u00f5es de esgoto 150mm, porta grelha quadrado 150mm<\/p>\n","protected":false},"excerpt":{"rendered":"<p>Podemos usar lupas de aumento como lentes em c\u00e2meras obscuras ou fotogr\u00e1ficas. Duas medidas importam na escolha, o di\u00e2metro e o n\u00famero de x aumentos, o que nem sempre \u00e9 indicado na embalagem. O di\u00e2metro vai implicar no tamanho da imagem formada e na luminosidade da abertura, n\u00famero f que \u00e9 uma rela\u00e7\u00e3o igual \u00e0 [&hellip;]<\/p>\n","protected":false},"author":1,"featured_media":0,"parent":0,"menu_order":0,"comment_status":"closed","ping_status":"closed","template":"","meta":{"footnotes":""},"class_list":["post-274","page","type-page","status-publish","hentry"],"blocksy_meta":[],"_links":{"self":[{"href":"https:\/\/foto.art.br\/site\/wp-json\/wp\/v2\/pages\/274","targetHints":{"allow":["GET"]}}],"collection":[{"href":"https:\/\/foto.art.br\/site\/wp-json\/wp\/v2\/pages"}],"about":[{"href":"https:\/\/foto.art.br\/site\/wp-json\/wp\/v2\/types\/page"}],"author":[{"embeddable":true,"href":"https:\/\/foto.art.br\/site\/wp-json\/wp\/v2\/users\/1"}],"replies":[{"embeddable":true,"href":"https:\/\/foto.art.br\/site\/wp-json\/wp\/v2\/comments?post=274"}],"version-history":[{"count":0,"href":"https:\/\/foto.art.br\/site\/wp-json\/wp\/v2\/pages\/274\/revisions"}],"wp:attachment":[{"href":"https:\/\/foto.art.br\/site\/wp-json\/wp\/v2\/media?parent=274"}],"curies":[{"name":"wp","href":"https:\/\/api.w.org\/{rel}","templated":true}]}}

<p>Podemos usar lupas de aumento como lentes em câmeras obscuras ou fotográficas.</p>



<p>Duas medidas importam na escolha, o diâmetro e o número de x aumentos, o que nem sempre é indicado na embalagem.</p>



<figure class="wp-block-image size-large"><img loading="lazy" decoding="async" width="1024" height="929" src="https://foto.art.br/site/wp-content/uploads/2023/10/lupas-1-1024x929.jpg" alt="" class="wp-image-350" srcset="https://foto.art.br/site/wp-content/uploads/2023/10/lupas-1-1024x929.jpg 1024w, https://foto.art.br/site/wp-content/uploads/2023/10/lupas-1-300x272.jpg 300w, https://foto.art.br/site/wp-content/uploads/2023/10/lupas-1-768x697.jpg 768w, https://foto.art.br/site/wp-content/uploads/2023/10/lupas-1.jpg 1200w" sizes="auto, (max-width: 1024px) 100vw, 1024px" /></figure>



<p>O diâmetro vai implicar no tamanho da imagem formada e na luminosidade da abertura, número f que é uma relação igual à Distancia Focal dividida pelo diâmetro da abertura.  Também tem implicações na montagem, que mostramos mais abaixo a opção de uso de conexões hidráulicas em PVC.</p>



<figure class="wp-block-image size-full"><img loading="lazy" decoding="async" width="768" height="329" src="https://foto.art.br/site/wp-content/uploads/2023/10/Equacao-fstop-768x329-1.jpg" alt="" class="wp-image-276" srcset="https://foto.art.br/site/wp-content/uploads/2023/10/Equacao-fstop-768x329-1.jpg 768w, https://foto.art.br/site/wp-content/uploads/2023/10/Equacao-fstop-768x329-1-300x129.jpg 300w" sizes="auto, (max-width: 768px) 100vw, 768px" /></figure>



<p>Já a Distância focal pode ser medida com uma régua, ao sol, medindo a  distancia entre imagem focada do sol (infinito) e a lente.</p>



<figure class="wp-block-image size-full"><img loading="lazy" decoding="async" width="894" height="1000" src="https://foto.art.br/site/wp-content/uploads/2023/10/IMG_0018.jpg" alt="" class="wp-image-284" srcset="https://foto.art.br/site/wp-content/uploads/2023/10/IMG_0018.jpg 894w, https://foto.art.br/site/wp-content/uploads/2023/10/IMG_0018-268x300.jpg 268w, https://foto.art.br/site/wp-content/uploads/2023/10/IMG_0018-768x859.jpg 768w" sizes="auto, (max-width: 894px) 100vw, 894px" /></figure>



<figure class="wp-block-image size-full"><img loading="lazy" decoding="async" width="1000" height="750" src="https://foto.art.br/site/wp-content/uploads/2023/10/IMG_0019.jpg" alt="" class="wp-image-285" srcset="https://foto.art.br/site/wp-content/uploads/2023/10/IMG_0019.jpg 1000w, https://foto.art.br/site/wp-content/uploads/2023/10/IMG_0019-300x225.jpg 300w, https://foto.art.br/site/wp-content/uploads/2023/10/IMG_0019-768x576.jpg 768w" sizes="auto, (max-width: 1000px) 100vw, 1000px" /></figure>



<p>Já a partir da Dioptria, ou número de aumentos de uma Lupa, lente de aproximação, lente de óculos conseguimos determinar a Distância Focal através da fórmula</p>



<p></p>



<figure class="wp-block-image size-full"><img loading="lazy" decoding="async" width="642" height="377" src="https://foto.art.br/site/wp-content/uploads/2023/10/dioptria.png" alt="" class="wp-image-278" srcset="https://foto.art.br/site/wp-content/uploads/2023/10/dioptria.png 642w, https://foto.art.br/site/wp-content/uploads/2023/10/dioptria-300x176.png 300w" sizes="auto, (max-width: 642px) 100vw, 642px" /></figure>



<figure class="wp-block-image size-full"><img loading="lazy" decoding="async" width="368" height="516" src="https://foto.art.br/site/wp-content/uploads/2023/10/diop.jpg" alt="" class="wp-image-279" srcset="https://foto.art.br/site/wp-content/uploads/2023/10/diop.jpg 368w, https://foto.art.br/site/wp-content/uploads/2023/10/diop-214x300.jpg 214w" sizes="auto, (max-width: 368px) 100vw, 368px" /></figure>



<figure class="wp-block-image size-full"><img loading="lazy" decoding="async" width="785" height="480" src="https://foto.art.br/site/wp-content/uploads/2023/10/ml.png" alt="" class="wp-image-281" srcset="https://foto.art.br/site/wp-content/uploads/2023/10/ml.png 785w, https://foto.art.br/site/wp-content/uploads/2023/10/ml-300x183.png 300w, https://foto.art.br/site/wp-content/uploads/2023/10/ml-768x470.png 768w" sizes="auto, (max-width: 785px) 100vw, 785px" /></figure>



<p></p>



<figure class="wp-block-image size-large"><img loading="lazy" decoding="async" width="1024" height="768" src="https://foto.art.br/site/wp-content/uploads/2023/10/dsc05682_26092197153_o-1024x768.jpg" alt="" class="wp-image-325" srcset="https://foto.art.br/site/wp-content/uploads/2023/10/dsc05682_26092197153_o-1024x768.jpg 1024w, https://foto.art.br/site/wp-content/uploads/2023/10/dsc05682_26092197153_o-300x225.jpg 300w, https://foto.art.br/site/wp-content/uploads/2023/10/dsc05682_26092197153_o-768x576.jpg 768w, https://foto.art.br/site/wp-content/uploads/2023/10/dsc05682_26092197153_o.jpg 1500w" sizes="auto, (max-width: 1024px) 100vw, 1024px" /><figcaption class="wp-element-caption">luva de correr / cola 75mm</figcaption></figure>



<figure class="wp-block-image size-large"><img loading="lazy" decoding="async" width="1024" height="768" src="https://foto.art.br/site/wp-content/uploads/2023/10/dsc05683_26090561264_o-1024x768.jpg" alt="" class="wp-image-326" srcset="https://foto.art.br/site/wp-content/uploads/2023/10/dsc05683_26090561264_o-1024x768.jpg 1024w, https://foto.art.br/site/wp-content/uploads/2023/10/dsc05683_26090561264_o-300x225.jpg 300w, https://foto.art.br/site/wp-content/uploads/2023/10/dsc05683_26090561264_o-768x576.jpg 768w, https://foto.art.br/site/wp-content/uploads/2023/10/dsc05683_26090561264_o.jpg 1500w" sizes="auto, (max-width: 1024px) 100vw, 1024px" /><figcaption class="wp-element-caption">a lente da Lupa Hikari 75mm encaixa justa, sem o anel metálico, uma seção fininha de tubo 75mm funciona como retentor da lente, só no encaixe, bem justo</figcaption></figure>



<p>Para montar as lentes de lupa podemos usar tubos e conexões de PVC que costumam ter o diâmetro igual</p>



<p>Lupa 50mm tubo e conexões de esgoto 50mm</p>



<p>Lupa 60mm tubos e conexões de água 60mm</p>



<p>Lupa 75mm tubo e conexões de esgoto 75mm</p>



<p>Lupa 100mm tubo e conexões de esgoto 100mm, porta grelha quadrado 100mm</p>



<p>para outras montagens tubo e conexões de esgoto 150mm, porta grelha quadrado 150mm</p>

<p>Podemos usar lupas de aumento como lentes em câmeras obscuras ou fotográficas. Duas medidas importam na escolha, o diâmetro e o número de x aumentos, o que nem sempre é indicado na embalagem. O diâmetro vai implicar no tamanho da imagem formada e na luminosidade da abertura, número f que é uma relação igual à [&hellip;]</p>
