{"id":377,"date":"2023-10-29T12:46:03","date_gmt":"2023-10-29T15:46:03","guid":{"rendered":"https:\/\/foto.art.br\/site\/?page_id=377"},"modified":"2024-06-20T07:23:02","modified_gmt":"2024-06-20T10:23:02","slug":"lentes-comerciais-de-grande-formato","status":"publish","type":"page","link":"https:\/\/foto.art.br\/site\/lentes-comerciais-de-grande-formato\/","title":{"rendered":"lentes  de grande formato"},"content":{"rendered":"\n<p>Podemos usar lentes de m\u00e9dio (algumas) e grande formato na constru\u00e7\u00e3o de c\u00e2meras,  com ou sem obturador central. \u00c9 \u00f3bvio que se tiver obturador \u00e9 mais f\u00e1cil. <\/p>\n\n\n\n<p>O ideal \u00e9 que tenha mais de 100 mm de dist\u00e2ncia focal, mas j\u00e1 usamos 65 mm, com alguma perda.<\/p>\n\n\n\n<p>As lentes mais modernas e mais comuns s\u00e3o marcas Schneider,  Rodenstock, Fuji, Nikon, encontramos tamb\u00e9m mais antigas Zeiss,  Kodak, Voigtlander.<\/p>\n\n\n\n<p>Os obturadores mais frequentes s\u00e3o Compur e Copal, que compartilham o padr\u00e3o de tamanhos e roscas <\/p>\n\n\n\n<p>#0 , #1 e #3, o #2 foi descontinuado e o #00 \u00e9 de m\u00e9dio formato. No obturador #3 h\u00e1 algumas diferen\u00e7as entre as duas marcas na dist\u00e2ncia entre as lentes e outras medidas importantes que devem ser consultadas.<\/p>\n\n\n\n<h2 class=\"wp-block-heading\"><strong>Obturadores Compur e Copal<\/strong><\/h2>\n\n\n\n<figure class=\"wp-block-table\"><table><thead><tr><th>&nbsp;obturador<\/th><th class=\"has-text-align-center\" data-align=\"center\">#0<\/th><th class=\"has-text-align-center\" data-align=\"center\">#1<\/th><\/tr><\/thead><tbody><tr><td><strong>rosca do elemento frontal &#8211; passo da rosca<\/strong><\/td><td class=\"has-text-align-center\" data-align=\"center\"><strong>29.5 mm &#8211; 0.5 mm<\/strong><\/td><td class=\"has-text-align-center\" data-align=\"center\"><strong>40 mm &#8211; 0.75 mm<\/strong><\/td><\/tr><tr><td><strong>rosca do elemento traseiro &#8211; passo da rosca<\/strong><\/td><td class=\"has-text-align-center\" data-align=\"center\"><strong>29.5 mm &#8211; 0.5 mm<\/strong><\/td><td class=\"has-text-align-center\" data-align=\"center\"><strong>36 mm &#8211; 0.75 mm<\/strong><\/td><\/tr><tr><td><strong>rosca do anel de reten\u00e7\u00e3o &#8211; passo da rosca<\/strong><\/td><td class=\"has-text-align-center\" data-align=\"center\"><strong>32.5 mm &#8211; 0.5 mm<\/strong><\/td><td class=\"has-text-align-center\" data-align=\"center\"><strong>39 mm &#8211; 0.75 mm<\/strong><\/td><\/tr><tr><td><strong>di\u00e2metro do furo na placa \u00d8<\/strong><\/td><td class=\"has-text-align-center\" data-align=\"center\"><strong>34.6 mm<\/strong><\/td><td class=\"has-text-align-center\" data-align=\"center\"><strong>41.6 mm<\/strong><\/td><\/tr><\/tbody><\/table><\/figure>\n\n\n\n<p><\/p>\n","protected":false},"excerpt":{"rendered":"<p>Podemos usar lentes de m\u00e9dio (algumas) e grande formato na constru\u00e7\u00e3o de c\u00e2meras, com ou sem obturador central. \u00c9 \u00f3bvio que se tiver obturador \u00e9 mais f\u00e1cil. O ideal \u00e9 que tenha mais de 100 mm de dist\u00e2ncia focal, mas j\u00e1 usamos 65 mm, com alguma perda. As lentes mais modernas e mais comuns s\u00e3o [&hellip;]<\/p>\n","protected":false},"author":1,"featured_media":0,"parent":0,"menu_order":0,"comment_status":"closed","ping_status":"closed","template":"","meta":{"footnotes":""},"class_list":["post-377","page","type-page","status-publish","hentry"],"blocksy_meta":[],"_links":{"self":[{"href":"https:\/\/foto.art.br\/site\/wp-json\/wp\/v2\/pages\/377","targetHints":{"allow":["GET"]}}],"collection":[{"href":"https:\/\/foto.art.br\/site\/wp-json\/wp\/v2\/pages"}],"about":[{"href":"https:\/\/foto.art.br\/site\/wp-json\/wp\/v2\/types\/page"}],"author":[{"embeddable":true,"href":"https:\/\/foto.art.br\/site\/wp-json\/wp\/v2\/users\/1"}],"replies":[{"embeddable":true,"href":"https:\/\/foto.art.br\/site\/wp-json\/wp\/v2\/comments?post=377"}],"version-history":[{"count":0,"href":"https:\/\/foto.art.br\/site\/wp-json\/wp\/v2\/pages\/377\/revisions"}],"wp:attachment":[{"href":"https:\/\/foto.art.br\/site\/wp-json\/wp\/v2\/media?parent=377"}],"curies":[{"name":"wp","href":"https:\/\/api.w.org\/{rel}","templated":true}]}}