{"id":713,"date":"2024-02-11T05:04:24","date_gmt":"2024-02-11T08:04:24","guid":{"rendered":"https:\/\/foto.art.br\/site\/?page_id=713"},"modified":"2024-02-11T05:14:02","modified_gmt":"2024-02-11T08:14:02","slug":"antotipia-fitotipia","status":"publish","type":"page","link":"https:\/\/foto.art.br\/site\/antotipia-fitotipia\/","title":{"rendered":"antotipia \/ fitotipia"},"content":{"rendered":"\n<figure class=\"wp-block-image size-full\"><img loading=\"lazy\" decoding=\"async\" width=\"960\" height=\"636\" src=\"https:\/\/foto.art.br\/site\/wp-content\/uploads\/2024\/02\/agriao01.jpg\" alt=\"\" class=\"wp-image-716\" srcset=\"https:\/\/foto.art.br\/site\/wp-content\/uploads\/2024\/02\/agriao01.jpg 960w, https:\/\/foto.art.br\/site\/wp-content\/uploads\/2024\/02\/agriao01-300x199.jpg 300w, https:\/\/foto.art.br\/site\/wp-content\/uploads\/2024\/02\/agriao01-768x509.jpg 768w\" sizes=\"auto, (max-width: 960px) 100vw, 960px\" \/><figcaption class=\"wp-element-caption\">come\u00e7ando a trabalhar as folhas do agri\u00e3o<\/figcaption><\/figure>\n\n\n\n<figure class=\"wp-block-image size-full\"><img loading=\"lazy\" decoding=\"async\" width=\"960\" height=\"635\" src=\"https:\/\/foto.art.br\/site\/wp-content\/uploads\/2024\/02\/agriao02.jpg\" alt=\"\" class=\"wp-image-717\" srcset=\"https:\/\/foto.art.br\/site\/wp-content\/uploads\/2024\/02\/agriao02.jpg 960w, https:\/\/foto.art.br\/site\/wp-content\/uploads\/2024\/02\/agriao02-300x198.jpg 300w, https:\/\/foto.art.br\/site\/wp-content\/uploads\/2024\/02\/agriao02-768x508.jpg 768w\" sizes=\"auto, (max-width: 960px) 100vw, 960px\" \/><figcaption class=\"wp-element-caption\">macerando o agri\u00e3o com pil\u00e3o<\/figcaption><\/figure>\n\n\n\n<figure class=\"wp-block-image size-full\"><img loading=\"lazy\" decoding=\"async\" width=\"960\" height=\"636\" src=\"https:\/\/foto.art.br\/site\/wp-content\/uploads\/2024\/02\/agriao03.jpg\" alt=\"\" class=\"wp-image-718\" srcset=\"https:\/\/foto.art.br\/site\/wp-content\/uploads\/2024\/02\/agriao03.jpg 960w, https:\/\/foto.art.br\/site\/wp-content\/uploads\/2024\/02\/agriao03-300x199.jpg 300w, https:\/\/foto.art.br\/site\/wp-content\/uploads\/2024\/02\/agriao03-768x509.jpg 768w\" sizes=\"auto, (max-width: 960px) 100vw, 960px\" \/><figcaption class=\"wp-element-caption\">espalhando o agri\u00e3o no papel<\/figcaption><\/figure>\n\n\n\n<figure class=\"wp-block-image size-large\"><img loading=\"lazy\" decoding=\"async\" width=\"768\" height=\"1024\" src=\"https:\/\/foto.art.br\/site\/wp-content\/uploads\/2024\/02\/escola04-1-768x1024.jpg\" alt=\"\" class=\"wp-image-715\" srcset=\"https:\/\/foto.art.br\/site\/wp-content\/uploads\/2024\/02\/escola04-1-768x1024.jpg 768w, https:\/\/foto.art.br\/site\/wp-content\/uploads\/2024\/02\/escola04-1-225x300.jpg 225w, https:\/\/foto.art.br\/site\/wp-content\/uploads\/2024\/02\/escola04-1-1152x1536.jpg 1152w, https:\/\/foto.art.br\/site\/wp-content\/uploads\/2024\/02\/escola04-1.jpg 1200w\" sizes=\"auto, (max-width: 768px) 100vw, 768px\" \/><figcaption class=\"wp-element-caption\">pap\u00e9is secando com a\u00e7afr\u00e3o e agri\u00e3o<\/figcaption><\/figure>\n\n\n\n<figure class=\"wp-block-image size-full\"><img loading=\"lazy\" decoding=\"async\" width=\"960\" height=\"636\" src=\"https:\/\/foto.art.br\/site\/wp-content\/uploads\/2024\/02\/agriao04.jpg\" alt=\"\" class=\"wp-image-719\" srcset=\"https:\/\/foto.art.br\/site\/wp-content\/uploads\/2024\/02\/agriao04.jpg 960w, https:\/\/foto.art.br\/site\/wp-content\/uploads\/2024\/02\/agriao04-300x199.jpg 300w, https:\/\/foto.art.br\/site\/wp-content\/uploads\/2024\/02\/agriao04-768x509.jpg 768w\" sizes=\"auto, (max-width: 960px) 100vw, 960px\" \/><figcaption class=\"wp-element-caption\">montando o fotograma com recortes de papel preto<\/figcaption><\/figure>\n\n\n\n<figure class=\"wp-block-image size-large\"><img loading=\"lazy\" decoding=\"async\" width=\"768\" height=\"1024\" src=\"https:\/\/foto.art.br\/site\/wp-content\/uploads\/2024\/02\/escola07-768x1024.jpg\" alt=\"\" class=\"wp-image-680\" srcset=\"https:\/\/foto.art.br\/site\/wp-content\/uploads\/2024\/02\/escola07-768x1024.jpg 768w, https:\/\/foto.art.br\/site\/wp-content\/uploads\/2024\/02\/escola07-225x300.jpg 225w, https:\/\/foto.art.br\/site\/wp-content\/uploads\/2024\/02\/escola07-1152x1536.jpg 1152w, https:\/\/foto.art.br\/site\/wp-content\/uploads\/2024\/02\/escola07.jpg 1200w\" sizes=\"auto, (max-width: 768px) 100vw, 768px\" \/><figcaption class=\"wp-element-caption\">exposi\u00e7\u00e3o, cianotipia ao centro (10 minutos) \u00e0 direita fitotipia com agri\u00e3o e a\u00e7afr\u00e3o, uma hora e meia, posi\u00e7\u00e3o perpendicular ao sol para melhor aproveitamento da luz<\/figcaption><\/figure>\n\n\n\n<figure class=\"wp-block-image size-large is-resized\"><img loading=\"lazy\" decoding=\"async\" width=\"984\" height=\"1024\" src=\"https:\/\/foto.art.br\/site\/wp-content\/uploads\/2024\/02\/ffito-984x1024.jpg\" alt=\"\" class=\"wp-image-714\" style=\"width:610px;height:auto\" srcset=\"https:\/\/foto.art.br\/site\/wp-content\/uploads\/2024\/02\/ffito-984x1024.jpg 984w, https:\/\/foto.art.br\/site\/wp-content\/uploads\/2024\/02\/ffito-288x300.jpg 288w, https:\/\/foto.art.br\/site\/wp-content\/uploads\/2024\/02\/ffito-768x800.jpg 768w, https:\/\/foto.art.br\/site\/wp-content\/uploads\/2024\/02\/ffito-1475x1536.jpg 1475w, https:\/\/foto.art.br\/site\/wp-content\/uploads\/2024\/02\/ffito-1967x2048.jpg 1967w, https:\/\/foto.art.br\/site\/wp-content\/uploads\/2024\/02\/ffito-1200x1249.jpg 1200w, https:\/\/foto.art.br\/site\/wp-content\/uploads\/2024\/02\/ffito-1980x2062.jpg 1980w\" sizes=\"auto, (max-width: 984px) 100vw, 984px\" \/><figcaption class=\"wp-element-caption\">a\u00e7afr\u00e3o revelado, agri\u00e3o, a\u00e7afr\u00e3o sem revelar e agri\u00e3o. uma hora e meia no sol<\/figcaption><\/figure>\n","protected":false},"excerpt":{"rendered":"","protected":false},"author":1,"featured_media":0,"parent":0,"menu_order":0,"comment_status":"closed","ping_status":"closed","template":"","meta":{"footnotes":""},"class_list":["post-713","page","type-page","status-publish","hentry"],"blocksy_meta":[],"_links":{"self":[{"href":"https:\/\/foto.art.br\/site\/wp-json\/wp\/v2\/pages\/713","targetHints":{"allow":["GET"]}}],"collection":[{"href":"https:\/\/foto.art.br\/site\/wp-json\/wp\/v2\/pages"}],"about":[{"href":"https:\/\/foto.art.br\/site\/wp-json\/wp\/v2\/types\/page"}],"author":[{"embeddable":true,"href":"https:\/\/foto.art.br\/site\/wp-json\/wp\/v2\/users\/1"}],"replies":[{"embeddable":true,"href":"https:\/\/foto.art.br\/site\/wp-json\/wp\/v2\/comments?post=713"}],"version-history":[{"count":0,"href":"https:\/\/foto.art.br\/site\/wp-json\/wp\/v2\/pages\/713\/revisions"}],"wp:attachment":[{"href":"https:\/\/foto.art.br\/site\/wp-json\/wp\/v2\/media?parent=713"}],"curies":[{"name":"wp","href":"https:\/\/api.w.org\/{rel}","templated":true}]}}

<figure class="wp-block-image size-full"><img loading="lazy" decoding="async" width="960" height="636" src="https://foto.art.br/site/wp-content/uploads/2024/02/agriao01.jpg" alt="" class="wp-image-716" srcset="https://foto.art.br/site/wp-content/uploads/2024/02/agriao01.jpg 960w, https://foto.art.br/site/wp-content/uploads/2024/02/agriao01-300x199.jpg 300w, https://foto.art.br/site/wp-content/uploads/2024/02/agriao01-768x509.jpg 768w" sizes="auto, (max-width: 960px) 100vw, 960px" /><figcaption class="wp-element-caption">começando a trabalhar as folhas do agrião</figcaption></figure>



<figure class="wp-block-image size-full"><img loading="lazy" decoding="async" width="960" height="635" src="https://foto.art.br/site/wp-content/uploads/2024/02/agriao02.jpg" alt="" class="wp-image-717" srcset="https://foto.art.br/site/wp-content/uploads/2024/02/agriao02.jpg 960w, https://foto.art.br/site/wp-content/uploads/2024/02/agriao02-300x198.jpg 300w, https://foto.art.br/site/wp-content/uploads/2024/02/agriao02-768x508.jpg 768w" sizes="auto, (max-width: 960px) 100vw, 960px" /><figcaption class="wp-element-caption">macerando o agrião com pilão</figcaption></figure>



<figure class="wp-block-image size-full"><img loading="lazy" decoding="async" width="960" height="636" src="https://foto.art.br/site/wp-content/uploads/2024/02/agriao03.jpg" alt="" class="wp-image-718" srcset="https://foto.art.br/site/wp-content/uploads/2024/02/agriao03.jpg 960w, https://foto.art.br/site/wp-content/uploads/2024/02/agriao03-300x199.jpg 300w, https://foto.art.br/site/wp-content/uploads/2024/02/agriao03-768x509.jpg 768w" sizes="auto, (max-width: 960px) 100vw, 960px" /><figcaption class="wp-element-caption">espalhando o agrião no papel</figcaption></figure>



<figure class="wp-block-image size-large"><img loading="lazy" decoding="async" width="768" height="1024" src="https://foto.art.br/site/wp-content/uploads/2024/02/escola04-1-768x1024.jpg" alt="" class="wp-image-715" srcset="https://foto.art.br/site/wp-content/uploads/2024/02/escola04-1-768x1024.jpg 768w, https://foto.art.br/site/wp-content/uploads/2024/02/escola04-1-225x300.jpg 225w, https://foto.art.br/site/wp-content/uploads/2024/02/escola04-1-1152x1536.jpg 1152w, https://foto.art.br/site/wp-content/uploads/2024/02/escola04-1.jpg 1200w" sizes="auto, (max-width: 768px) 100vw, 768px" /><figcaption class="wp-element-caption">papéis secando com açafrão e agrião</figcaption></figure>



<figure class="wp-block-image size-full"><img loading="lazy" decoding="async" width="960" height="636" src="https://foto.art.br/site/wp-content/uploads/2024/02/agriao04.jpg" alt="" class="wp-image-719" srcset="https://foto.art.br/site/wp-content/uploads/2024/02/agriao04.jpg 960w, https://foto.art.br/site/wp-content/uploads/2024/02/agriao04-300x199.jpg 300w, https://foto.art.br/site/wp-content/uploads/2024/02/agriao04-768x509.jpg 768w" sizes="auto, (max-width: 960px) 100vw, 960px" /><figcaption class="wp-element-caption">montando o fotograma com recortes de papel preto</figcaption></figure>



<figure class="wp-block-image size-large"><img loading="lazy" decoding="async" width="768" height="1024" src="https://foto.art.br/site/wp-content/uploads/2024/02/escola07-768x1024.jpg" alt="" class="wp-image-680" srcset="https://foto.art.br/site/wp-content/uploads/2024/02/escola07-768x1024.jpg 768w, https://foto.art.br/site/wp-content/uploads/2024/02/escola07-225x300.jpg 225w, https://foto.art.br/site/wp-content/uploads/2024/02/escola07-1152x1536.jpg 1152w, https://foto.art.br/site/wp-content/uploads/2024/02/escola07.jpg 1200w" sizes="auto, (max-width: 768px) 100vw, 768px" /><figcaption class="wp-element-caption">exposição, cianotipia ao centro (10 minutos) à direita fitotipia com agrião e açafrão, uma hora e meia, posição perpendicular ao sol para melhor aproveitamento da luz</figcaption></figure>



<figure class="wp-block-image size-large is-resized"><img loading="lazy" decoding="async" width="984" height="1024" src="https://foto.art.br/site/wp-content/uploads/2024/02/ffito-984x1024.jpg" alt="" class="wp-image-714" style="width:610px;height:auto" srcset="https://foto.art.br/site/wp-content/uploads/2024/02/ffito-984x1024.jpg 984w, https://foto.art.br/site/wp-content/uploads/2024/02/ffito-288x300.jpg 288w, https://foto.art.br/site/wp-content/uploads/2024/02/ffito-768x800.jpg 768w, https://foto.art.br/site/wp-content/uploads/2024/02/ffito-1475x1536.jpg 1475w, https://foto.art.br/site/wp-content/uploads/2024/02/ffito-1967x2048.jpg 1967w, https://foto.art.br/site/wp-content/uploads/2024/02/ffito-1200x1249.jpg 1200w, https://foto.art.br/site/wp-content/uploads/2024/02/ffito-1980x2062.jpg 1980w" sizes="auto, (max-width: 984px) 100vw, 984px" /><figcaption class="wp-element-caption">açafrão revelado, agrião, açafrão sem revelar e agrião. uma hora e meia no sol</figcaption></figure>
