{"id":972,"date":"2024-09-19T14:53:28","date_gmt":"2024-09-19T17:53:28","guid":{"rendered":"https:\/\/foto.art.br\/site\/?page_id=972"},"modified":"2024-09-19T15:02:25","modified_gmt":"2024-09-19T18:02:25","slug":"camera-8x10","status":"publish","type":"page","link":"https:\/\/foto.art.br\/site\/camera-8x10\/","title":{"rendered":"C\u00e2mera 8&#215;10&#8243;"},"content":{"rendered":"\n<p>c\u00e2meras 8&#215;10&#8243; &#8211; 20x25cm adaptadas usadas em oficinas;trabalhamos com filme de raio-x revelado negativo e revers\u00edvel e papel fotogr\u00e1fico colorido com revela\u00e7\u00e3o revers\u00edvel<\/p>\n\n\n<style type=\"text\/css\" scoped>.rbs_gallery_69ef3f88864fcSpinner{\r\n\t\t\t\tmargin: 50px auto;\r\n\t\t\t\twidth: 50px;\r\n\t\t\t\theight: 40px;\r\n\t\t\t\ttext-align: center;\r\n\t\t\t\tfont-size: 10px;\r\n\t\t\t}\r\n\t\t\t.rbs_gallery_69ef3f88864fcSpinner > div{\r\n\t\t\t  background-color: #333;\r\n\t\t\t  height: 100%;\r\n\t\t\t  width: 6px;\r\n\t\t\t  display: inline-block;\r\n\t\t\t  -webkit-animation: rbs_gallery_69ef3f88864fc-stretchdelay 1.2s infinite ease-in-out;\r\n\t\t\t  animation: rbs_gallery_69ef3f88864fc-stretchdelay 1.2s infinite ease-in-out;\r\n\t\t\t}\r\n\t\t\t.rbs_gallery_69ef3f88864fcSpinner .rbs_gallery_69ef3f88864fcRect2 {\r\n\t\t\t  -webkit-animation-delay: -1.1s;\r\n\t\t\t  animation-delay: -1.1s;\r\n\t\t\t}\r\n\t\t\t.rbs_gallery_69ef3f88864fcSpinner .rbs_gallery_69ef3f88864fcRect3 {\r\n\t\t\t  -webkit-animation-delay: -1.0s;\r\n\t\t\t  animation-delay: -1.0s;\r\n\t\t\t}\r\n\t\t\t.rbs_gallery_69ef3f88864fcSpinner .rbs_gallery_69ef3f88864fcRect4 {\r\n\t\t\t  -webkit-animation-delay: -0.9s;\r\n\t\t\t  animation-delay: -0.9s;\r\n\t\t\t}\r\n\t\t\t.rbs_gallery_69ef3f88864fcSpinner .rbs_gallery_69ef3f88864fcRect5 {\r\n\t\t\t  -webkit-animation-delay: -0.8s;\r\n\t\t\t  animation-delay: -0.8s;\r\n\t\t\t}\r\n\t\t\t@-webkit-keyframes rbs_gallery_69ef3f88864fc-stretchdelay {\r\n\t\t\t  0%, 40%, 100% { -webkit-transform: scaleY(0.4) }  \r\n\t\t\t  20% { -webkit-transform: scaleY(1.0) }\r\n\t\t\t}\r\n\t\t\t@keyframes rbs_gallery_69ef3f88864fc-stretchdelay {\r\n\t\t\t  0%, 40%, 100% { \r\n\t\t\t    transform: scaleY(0.4);\r\n\t\t\t    -webkit-transform: scaleY(0.4);\r\n\t\t\t  }  20% { \r\n\t\t\t    transform: scaleY(1.0);\r\n\t\t\t    -webkit-transform: scaleY(1.0);\r\n\t\t\t  }\r\n\t\t\t}\r\n\t\t<\/style><div class=\"robo-gallery-wrap robo-gallery-wrap-id974 robo-gallery-grid\" ><div id=\"rbs_gallery_69ef3f88864fc-block-loader\" class=\"rbs_gallery_69ef3f88864fcSpinner\"><div class=\"rbs_gallery_69ef3f88864fcRect1\"><\/div> <div class=\"rbs_gallery_69ef3f88864fcRect2\"><\/div> <div class=\"rbs_gallery_69ef3f88864fcRect3\"><\/div> <div class=\"rbs_gallery_69ef3f88864fcRect4\"><\/div> <div class=\"rbs_gallery_69ef3f88864fcRect5\"><\/div><\/div><div id=\"robo_gallery_main_block_rbs_gallery_69ef3f88864fc\" class=\"robogallery-gallery-974\" style=\"width:100%;  display: none;\"><div id=\"rbs_gallery_69ef3f88864fc\" data-options=\"rbs_gallery_69ef3f88864fc\" style=\"width:100%;\" class=\"robo_gallery  \"><div class=\"rbs-img  category974 \" ><div class=\"rbs-img-image   rbs-lightbox \" ><div class=\"rbs-img-thumbs\"  data-thumbnail=\"https:\/\/foto.art.br\/site\/wp-content\/uploads\/2024\/09\/8x10-01-300x206.jpg\"  title=\"8x10 01\"  data-width=\"300\"  data-height=\"206\" ><\/div><div class=\"rbs-img-data-popup\"  data-popup=\"https:\/\/foto.art.br\/site\/wp-content\/uploads\/2024\/09\/8x10-01-scaled.jpg\"  title=\"c\u00e2meras 8x10&quot; adaptadas\" ><\/div><div class=\"thumbnail-overlay\"><div class=\"rbsTitle \">8&#215;10 01<\/div><div class=\"rbsIcons\"><i class=\"fa fa-search-plus rbsZoomIcon \" ><\/i><\/div><\/div><\/div><\/div><div class=\"rbs-img  category974 \" ><div class=\"rbs-img-image   rbs-lightbox \" ><div class=\"rbs-img-thumbs\"  data-thumbnail=\"https:\/\/foto.art.br\/site\/wp-content\/uploads\/2024\/09\/8x10-02-232x300.jpg\"  title=\"8x10 02\"  data-width=\"232\"  data-height=\"300\" ><\/div><div class=\"rbs-img-data-popup\"  data-popup=\"https:\/\/foto.art.br\/site\/wp-content\/uploads\/2024\/09\/8x10-02.jpg\"  title=\"18x24cm adaptada com lente 210mm\" ><\/div><div class=\"thumbnail-overlay\"><div class=\"rbsTitle \">8&#215;10 02<\/div><div class=\"rbsIcons\"><i class=\"fa fa-search-plus rbsZoomIcon \" ><\/i><\/div><\/div><\/div><\/div><div class=\"rbs-img  category974 \" ><div class=\"rbs-img-image   rbs-lightbox \" ><div class=\"rbs-img-thumbs\"  data-thumbnail=\"https:\/\/foto.art.br\/site\/wp-content\/uploads\/2024\/09\/8x10-03-262x300.jpg\"  title=\"8x10 03\"  data-width=\"262\"  data-height=\"300\" ><\/div><div class=\"rbs-img-data-popup\"  data-popup=\"https:\/\/foto.art.br\/site\/wp-content\/uploads\/2024\/09\/8x10-03.jpg\"  title=\"18x24cm adaptada para 8x10&quot;\" ><\/div><div class=\"thumbnail-overlay\"><div class=\"rbsTitle \">8&#215;10 03<\/div><div class=\"rbsIcons\"><i class=\"fa fa-search-plus rbsZoomIcon \" ><\/i><\/div><\/div><\/div><\/div><div class=\"rbs-img  category974 \" ><div class=\"rbs-img-image   rbs-lightbox \" ><div class=\"rbs-img-thumbs\"  data-thumbnail=\"https:\/\/foto.art.br\/site\/wp-content\/uploads\/2024\/09\/8x10-04-300x164.jpg\"  title=\"8x10 04\"  data-width=\"300\"  data-height=\"164\" ><\/div><div class=\"rbs-img-data-popup\"  data-popup=\"https:\/\/foto.art.br\/site\/wp-content\/uploads\/2024\/09\/8x10-04-scaled.jpg\"  title=\"Cambo 4x5 adaptada para 8x10&quot;\" ><\/div><div class=\"thumbnail-overlay\"><div class=\"rbsTitle \">8&#215;10 04<\/div><div class=\"rbsIcons\"><i class=\"fa fa-search-plus rbsZoomIcon \" ><\/i><\/div><\/div><\/div><\/div><div class=\"rbs-img  category974 \" ><div class=\"rbs-img-image   rbs-lightbox \" ><div class=\"rbs-img-thumbs\"  data-thumbnail=\"https:\/\/foto.art.br\/site\/wp-content\/uploads\/2024\/09\/8x10-05-210x300.jpg\"  title=\"8x10 05\"  data-width=\"210\"  data-height=\"300\" ><\/div><div class=\"rbs-img-data-popup\"  data-popup=\"https:\/\/foto.art.br\/site\/wp-content\/uploads\/2024\/09\/8x10-05-scaled.jpg\"  title=\"Linhof com lente 240mm\" ><\/div><div class=\"thumbnail-overlay\"><div class=\"rbsTitle \">8&#215;10 05<\/div><div class=\"rbsIcons\"><i class=\"fa fa-search-plus rbsZoomIcon \" ><\/i><\/div><\/div><\/div><\/div><div class=\"rbs-img  category974 \" ><div class=\"rbs-img-image   rbs-lightbox \" ><div class=\"rbs-img-thumbs\"  data-thumbnail=\"https:\/\/foto.art.br\/site\/wp-content\/uploads\/2024\/09\/8x10-06-230x300.jpg\"  title=\"8x10 06\"  data-width=\"230\"  data-height=\"300\" ><\/div><div class=\"rbs-img-data-popup\"  data-popup=\"https:\/\/foto.art.br\/site\/wp-content\/uploads\/2024\/09\/8x10-06.jpg\"  title=\"e adaptador 8x10&quot; de EVA\" ><\/div><div class=\"thumbnail-overlay\"><div class=\"rbsTitle \">8&#215;10 06<\/div><div class=\"rbsIcons\"><i class=\"fa fa-search-plus rbsZoomIcon \" ><\/i><\/div><\/div><\/div><\/div><div class=\"rbs-img  category974 \" ><div class=\"rbs-img-image   rbs-lightbox \" ><div class=\"rbs-img-thumbs\"  data-thumbnail=\"https:\/\/foto.art.br\/site\/wp-content\/uploads\/2024\/09\/8x10-07-300x241.jpg\"  title=\"8x10 07\"  data-width=\"300\"  data-height=\"241\" ><\/div><div class=\"rbs-img-data-popup\"  data-popup=\"https:\/\/foto.art.br\/site\/wp-content\/uploads\/2024\/09\/8x10-07.jpg\"  title=\"Linhof com adaptador 8x10&quot; de EVA\" ><\/div><div class=\"thumbnail-overlay\"><div class=\"rbsTitle \">8&#215;10 07<\/div><div class=\"rbsIcons\"><i class=\"fa fa-search-plus rbsZoomIcon \" ><\/i><\/div><\/div><\/div><\/div><div class=\"rbs-img  category974 \" ><div class=\"rbs-img-image   rbs-lightbox \" ><div class=\"rbs-img-thumbs\"  data-thumbnail=\"https:\/\/foto.art.br\/site\/wp-content\/uploads\/2024\/09\/8x10-08-263x300.jpg\"  title=\"8x10 08\"  data-width=\"263\"  data-height=\"300\" ><\/div><div class=\"rbs-img-data-popup\"  data-popup=\"https:\/\/foto.art.br\/site\/wp-content\/uploads\/2024\/09\/8x10-08.jpg\"  title=\"adaptador 8x10&quot; de EVA\" ><\/div><div class=\"thumbnail-overlay\"><div class=\"rbsTitle \">8&#215;10 08<\/div><div class=\"rbsIcons\"><i class=\"fa fa-search-plus rbsZoomIcon \" ><\/i><\/div><\/div><\/div><\/div><div class=\"rbs-img  category974 \" ><div class=\"rbs-img-image   rbs-lightbox \" ><div class=\"rbs-img-thumbs\"  data-thumbnail=\"https:\/\/foto.art.br\/site\/wp-content\/uploads\/2024\/09\/8x10-09-251x300.jpg\"  title=\"8x10 09\"  data-width=\"251\"  data-height=\"300\" ><\/div><div class=\"rbs-img-data-popup\"  data-popup=\"https:\/\/foto.art.br\/site\/wp-content\/uploads\/2024\/09\/8x10-09.jpg\"  title=\"adaptador 8x10&quot; de EVA\" ><\/div><div class=\"thumbnail-overlay\"><div class=\"rbsTitle \">8&#215;10 09<\/div><div class=\"rbsIcons\"><i class=\"fa fa-search-plus rbsZoomIcon \" ><\/i><\/div><\/div><\/div><\/div><div class=\"rbs-img  category974 \" ><div class=\"rbs-img-image   rbs-lightbox \" ><div class=\"rbs-img-thumbs\"  data-thumbnail=\"https:\/\/foto.art.br\/site\/wp-content\/uploads\/2024\/09\/8x10-10-139x300.jpg\"  title=\"8x10 10\"  data-width=\"139\"  data-height=\"300\" ><\/div><div class=\"rbs-img-data-popup\"  data-popup=\"https:\/\/foto.art.br\/site\/wp-content\/uploads\/2024\/09\/8x10-10-scaled.jpg\"  title=\"adaptador 8x10&quot; de EVA\" ><\/div><div class=\"thumbnail-overlay\"><div class=\"rbsTitle \">8&#215;10 10<\/div><div class=\"rbsIcons\"><i class=\"fa fa-search-plus rbsZoomIcon \" ><\/i><\/div><\/div><\/div><\/div><\/div><\/div><\/div><script>var rbs_gallery_69ef3f88864fc = {\"version\":\"5.1.4\",\"id\":974,\"class\":\"id974\",\"roboGalleryDelay\":1000,\"mainContainer\":\"#robo_gallery_main_block_rbs_gallery_69ef3f88864fc\",\"loadingContainer\":\"#rbs_gallery_69ef3f88864fc-block-loader\",\"loadingContainerObj\":\"rbs_gallery_69ef3f88864fc-block-loader\",\"columnWidth\":\"auto\",\"columns\":3,\"resolutions\":[{\"columnWidth\":\"auto\",\"columns\":3,\"maxWidth\":960},{\"columnWidth\":\"auto\",\"columns\":2,\"maxWidth\":650},{\"columnWidth\":\"auto\",\"columns\":1,\"maxWidth\":450}],\"lightboxOptions\":{\"gallery\":{\"enabled\":true,\"tCounter\":\"%curr% of %total%\"}},\"overlayEffect\":\"direction-aware-fade\",\"boxesToLoadStart\":12,\"boxesToLoad\":8,\"waitUntilThumbLoads\":1,\"LoadingWord\":\"Loading...\",\"loadMoreWord\":\"Load More\",\"noMoreEntriesWord\":\"No More Entries\",\"horizontalSpaceBetweenBoxes\":15,\"verticalSpaceBetweenBoxes\":15,\"lazyLoad\":1,\"wrapContainer\":\"#robo-gallery-wrap-rbs_gallery_69ef3f88864fc\"};<\/script>\n\n\n<p><\/p>\n","protected":false},"excerpt":{"rendered":"<p>c\u00e2meras 8&#215;10&#8243; &#8211; 20x25cm adaptadas usadas em oficinas;trabalhamos com filme de raio-x revelado negativo e revers\u00edvel e papel fotogr\u00e1fico colorido com revela\u00e7\u00e3o revers\u00edvel<\/p>\n","protected":false},"author":1,"featured_media":0,"parent":0,"menu_order":0,"comment_status":"closed","ping_status":"closed","template":"","meta":{"footnotes":""},"class_list":["post-972","page","type-page","status-publish","hentry"],"blocksy_meta":[],"_links":{"self":[{"href":"https:\/\/foto.art.br\/site\/wp-json\/wp\/v2\/pages\/972","targetHints":{"allow":["GET"]}}],"collection":[{"href":"https:\/\/foto.art.br\/site\/wp-json\/wp\/v2\/pages"}],"about":[{"href":"https:\/\/foto.art.br\/site\/wp-json\/wp\/v2\/types\/page"}],"author":[{"embeddable":true,"href":"https:\/\/foto.art.br\/site\/wp-json\/wp\/v2\/users\/1"}],"replies":[{"embeddable":true,"href":"https:\/\/foto.art.br\/site\/wp-json\/wp\/v2\/comments?post=972"}],"version-history":[{"count":0,"href":"https:\/\/foto.art.br\/site\/wp-json\/wp\/v2\/pages\/972\/revisions"}],"wp:attachment":[{"href":"https:\/\/foto.art.br\/site\/wp-json\/wp\/v2\/media?parent=972"}],"curies":[{"name":"wp","href":"https:\/\/api.w.org\/{rel}","templated":true}]}}